{"id":1545,"date":"2021-05-27T22:34:52","date_gmt":"2021-05-28T01:34:52","guid":{"rendered":"https:\/\/esinpa.sbpbrasil.org\/?page_id=1545"},"modified":"2021-06-22T11:13:24","modified_gmt":"2021-06-22T14:13:24","slug":"cronograma","status":"publish","type":"page","link":"https:\/\/esinpa2021.sbpbrasil.org\/index.php\/cronograma\/","title":{"rendered":"Cronograma"},"content":{"rendered":"\t\t<div data-elementor-type=\"wp-page\" data-elementor-id=\"1545\" class=\"elementor elementor-1545\" data-elementor-settings=\"[]\">\n\t\t\t\t\t\t\t<div class=\"elementor-section-wrap\">\n\t\t\t\t\t\t\t<section data-particle_enable=\"false\" data-particle-mobile-disabled=\"false\" class=\"elementor-section elementor-top-section elementor-element elementor-element-40386def elementor-section-boxed elementor-section-height-default elementor-section-height-default\" data-id=\"40386def\" data-element_type=\"section\">\n\t\t\t\t\t\t<div class=\"elementor-container elementor-column-gap-default\">\n\t\t\t\t\t<div class=\"elementor-column elementor-col-100 elementor-top-column elementor-element elementor-element-7a3b3cae\" data-id=\"7a3b3cae\" data-element_type=\"column\">\n\t\t\t<div class=\"elementor-widget-wrap elementor-element-populated\">\n\t\t\t\t\t\t\t\t<div class=\"elementor-element elementor-element-392181c elementor-widget elementor-widget-heading\" data-id=\"392181c\" data-element_type=\"widget\" data-widget_type=\"heading.default\">\n\t\t\t\t<div class=\"elementor-widget-container\">\n\t\t\t<h2 class=\"elementor-heading-title elementor-size-default\">Semana 1<\/h2>\t\t<\/div>\n\t\t\t\t<\/div>\n\t\t\t\t\t<\/div>\n\t\t<\/div>\n\t\t\t\t\t\t\t<\/div>\n\t\t<\/section>\n\t\t\t\t<section data-particle_enable=\"false\" data-particle-mobile-disabled=\"false\" class=\"elementor-section elementor-top-section elementor-element elementor-element-2975708 elementor-section-boxed elementor-section-height-default elementor-section-height-default\" data-id=\"2975708\" data-element_type=\"section\">\n\t\t\t\t\t\t<div class=\"elementor-container elementor-column-gap-default\">\n\t\t\t\t\t<div class=\"elementor-column elementor-col-100 elementor-top-column elementor-element elementor-element-7827e82\" data-id=\"7827e82\" data-element_type=\"column\">\n\t\t\t<div class=\"elementor-widget-wrap elementor-element-populated\">\n\t\t\t\t\t\t\t\t<div class=\"elementor-element elementor-element-5d27161 elementor-widget elementor-widget-text-editor\" data-id=\"5d27161\" data-element_type=\"widget\" data-widget_type=\"text-editor.default\">\n\t\t\t\t<div class=\"elementor-widget-container\">\n\t\t\t\t\t\t\t\t<h3><b>Segunda-feira (09\/08)<\/b><\/h3><p><strong>Todas as palestras do dia 09\/08 ser\u00e3o abertas ao p\u00fablico no YouTube.<\/strong><\/p><ul><li><span style=\"font-weight: 400;\">10h \u2013 Boas-vindas e palestra de abertura &#8211; Michael Benton (University of Bristol)<\/span><ul><li><em>\u201cThe colour of dinosaurs and how we know what we know in palaeobiology\u201d<\/em><\/li><\/ul><\/li><li><span style=\"font-weight: 400;\">11:30 \u2013 Esbo\u00e7o da estrutura da escola<\/span><\/li><li><span style=\"font-weight: 400;\">14h \u2013 Palestras introdut\u00f3rias e mesa-redonda<\/span><ul><li><span style=\"font-weight: 400;\">Palestra 1 &#8211; Max Langer: \u201cFrom undemanding to the high table: a trajet\u00f3ria da ci\u00eancia dos f\u00f3sseis\u201d<\/span><\/li><li><span style=\"font-weight: 400;\">Palestra 2 \u2013 Renato Ghilardi: \u201cCamus, mito de S\u00edsifo e a paleontologia nacional\u201d<\/span><\/li><li><span style=\"font-weight: 400;\">Palestra 3 \u2013 M\u00edrian Pacheco: \u201cNovas ferramentas para uma paleontologia interplanet\u00e1ria\u201d<\/span><\/li><\/ul><\/li><\/ul>\t\t\t\t\t\t<\/div>\n\t\t\t\t<\/div>\n\t\t\t\t<div class=\"elementor-element elementor-element-ae929f1 elementor-widget elementor-widget-text-editor\" data-id=\"ae929f1\" data-element_type=\"widget\" data-widget_type=\"text-editor.default\">\n\t\t\t\t<div class=\"elementor-widget-container\">\n\t\t\t\t\t\t\t\t<h3><b>Ter\u00e7a-feira (10\/08) \u00e0 quinta-feira (12\/08)<\/b><\/h3>\n<ul>\n<li><span style=\"font-weight: 400;\">Cursos 1-3 (alternadamente para tr\u00eas grupos)<\/span>\n<ul>\n<li><span style=\"font-weight: 400;\">Das 08:00 \u00e0s 12:00 e das 14:00 \u00e0s 18:00<\/span><\/li>\n<\/ul>\n<\/li>\n<\/ul>\n<ol>\n<li><i><span style=\"font-weight: 400;\">Icnologia e tafonomia na an\u00e1lise paleoambiental e estratigr\u00e1fica &#8211; <\/span><\/i>Daniel Sedorko &amp; Rodrigo Horodyski<\/li>\n<li><i><span style=\"font-weight: 400;\">Novas tecnologias aplicadas a paleobiologia e astrobiologia &#8211; <\/span><\/i>Flavia Callefo &amp; Lara Maldanis<\/li>\n<li><i><span style=\"font-weight: 400;\">Ferramentas b\u00e1sicas para estudos de macroevolu\u00e7\u00e3o com dados paleontol\u00f3gicos &#8211; <\/span><\/i>Gabriel Ferreira &amp; Pedro Godoy<\/li>\n<\/ol>\t\t\t\t\t\t<\/div>\n\t\t\t\t<\/div>\n\t\t\t\t<div class=\"elementor-element elementor-element-3bd68e7 elementor-widget elementor-widget-text-editor\" data-id=\"3bd68e7\" data-element_type=\"widget\" data-widget_type=\"text-editor.default\">\n\t\t\t\t<div class=\"elementor-widget-container\">\n\t\t\t\t\t\t\t\t<h3><b>Sexta-feira (13\/08)\u00a0<\/b><\/h3>\n<ul>\n<li><span style=\"font-weight: 400;\">10h \u2013 Minicurso extra \u2013 Marly de Bari Matos, Patr\u00edcia Carvalhinhos e M\u00e1rio Eduardo Viaro (FFLCH-USP)<\/span>\n<ul>\n<li><em><span style=\"font-weight: 400;\">\u201cVitrine das letras &#8211; os radicais latinos, gregos e tupis na paleontologia\u201d<\/span><\/em><\/li>\n<\/ul>\n<\/li>\n<\/ul>\n<ul>\n<li><span style=\"font-weight: 400;\">14:00 \u2013 Debate geral sobre temas abordados nos cursos<\/span><\/li>\n<\/ul>\t\t\t\t\t\t<\/div>\n\t\t\t\t<\/div>\n\t\t\t\t\t<\/div>\n\t\t<\/div>\n\t\t\t\t\t\t\t<\/div>\n\t\t<\/section>\n\t\t\t\t<section data-particle_enable=\"false\" data-particle-mobile-disabled=\"false\" class=\"elementor-section elementor-top-section elementor-element elementor-element-c811ebc elementor-section-boxed elementor-section-height-default elementor-section-height-default\" data-id=\"c811ebc\" data-element_type=\"section\">\n\t\t\t\t\t\t<div class=\"elementor-container elementor-column-gap-default\">\n\t\t\t\t\t<div class=\"elementor-column elementor-col-100 elementor-top-column elementor-element elementor-element-95169ac\" data-id=\"95169ac\" data-element_type=\"column\">\n\t\t\t<div class=\"elementor-widget-wrap elementor-element-populated\">\n\t\t\t\t\t\t\t\t<div class=\"elementor-element elementor-element-b50cb5d elementor-widget elementor-widget-heading\" data-id=\"b50cb5d\" data-element_type=\"widget\" data-widget_type=\"heading.default\">\n\t\t\t\t<div class=\"elementor-widget-container\">\n\t\t\t<h2 class=\"elementor-heading-title elementor-size-default\">Semana 2<\/h2>\t\t<\/div>\n\t\t\t\t<\/div>\n\t\t\t\t\t<\/div>\n\t\t<\/div>\n\t\t\t\t\t\t\t<\/div>\n\t\t<\/section>\n\t\t\t\t<section data-particle_enable=\"false\" data-particle-mobile-disabled=\"false\" class=\"elementor-section elementor-top-section elementor-element elementor-element-32c40a2 elementor-section-boxed elementor-section-height-default elementor-section-height-default\" data-id=\"32c40a2\" data-element_type=\"section\">\n\t\t\t\t\t\t<div class=\"elementor-container elementor-column-gap-default\">\n\t\t\t\t\t<div class=\"elementor-column elementor-col-100 elementor-top-column elementor-element elementor-element-3481256\" data-id=\"3481256\" data-element_type=\"column\">\n\t\t\t<div class=\"elementor-widget-wrap elementor-element-populated\">\n\t\t\t\t\t\t\t\t<div class=\"elementor-element elementor-element-c485bf8 elementor-widget elementor-widget-text-editor\" data-id=\"c485bf8\" data-element_type=\"widget\" data-widget_type=\"text-editor.default\">\n\t\t\t\t<div class=\"elementor-widget-container\">\n\t\t\t\t\t\t\t\t<h3><b>Segunda-feira (16\/08) \u00e0 quinta-feira (19\/08)<\/b><\/h3>\n<ul>\n<li><span style=\"font-weight: 400;\">Elabora\u00e7\u00e3o de projetos relacionados aos cursos<\/span>\n<ul>\n<li><span style=\"font-weight: 400;\">Hor\u00e1rio a ser definido com os ministrantes<\/span><\/li>\n<\/ul>\n<\/li>\n<\/ul>\t\t\t\t\t\t<\/div>\n\t\t\t\t<\/div>\n\t\t\t\t<div class=\"elementor-element elementor-element-4172894 elementor-widget elementor-widget-text-editor\" data-id=\"4172894\" data-element_type=\"widget\" data-widget_type=\"text-editor.default\">\n\t\t\t\t<div class=\"elementor-widget-container\">\n\t\t\t\t\t\t\t\t<h3><b>Sexta-feira (20\/08)\u00a0<\/b><\/h3><ul><li><span style=\"font-weight: 400;\">09h \u2013 Apresenta\u00e7\u00e3o e discuss\u00e3o dos projetos de icnologia e tafonomia<\/span><\/li><li><span style=\"font-weight: 400;\">10h \u2013 Apresenta\u00e7\u00e3o e discuss\u00e3o dos projetos de paleobiologia e astrobiologia<\/span><\/li><li><span style=\"font-weight: 400;\">11h \u2013 Apresenta\u00e7\u00e3o e discuss\u00e3o dos projetos de macroevolu\u00e7\u00e3o<\/span><\/li><li><span style=\"font-weight: 400;\">14h \u2013 Debate final e encerramento da escola\u00a0<\/span><\/li><\/ul>\t\t\t\t\t\t<\/div>\n\t\t\t\t<\/div>\n\t\t\t\t\t<\/div>\n\t\t<\/div>\n\t\t\t\t\t\t\t<\/div>\n\t\t<\/section>\n\t\t\t\t\t\t<\/div>\n\t\t\t\t\t<\/div>\n\t\t","protected":false},"excerpt":{"rendered":"<p>Semana 1 Segunda-feira (09\/08) Todas as palestras do dia 09\/08 ser\u00e3o abertas ao p\u00fablico no YouTube. 10h \u2013 Boas-vindas e palestra de abertura &#8211; Michael Benton (University of Bristol) \u201cThe &#8230;<\/p>\n","protected":false},"author":1,"featured_media":0,"parent":0,"menu_order":0,"comment_status":"closed","ping_status":"closed","template":"template-fullwidth-stretched.php","meta":{"footnotes":""},"class_list":["post-1545","page","type-page","status-publish","hentry"],"_links":{"self":[{"href":"https:\/\/esinpa2021.sbpbrasil.org\/index.php\/wp-json\/wp\/v2\/pages\/1545","targetHints":{"allow":["GET"]}}],"collection":[{"href":"https:\/\/esinpa2021.sbpbrasil.org\/index.php\/wp-json\/wp\/v2\/pages"}],"about":[{"href":"https:\/\/esinpa2021.sbpbrasil.org\/index.php\/wp-json\/wp\/v2\/types\/page"}],"author":[{"embeddable":true,"href":"https:\/\/esinpa2021.sbpbrasil.org\/index.php\/wp-json\/wp\/v2\/users\/1"}],"replies":[{"embeddable":true,"href":"https:\/\/esinpa2021.sbpbrasil.org\/index.php\/wp-json\/wp\/v2\/comments?post=1545"}],"version-history":[{"count":23,"href":"https:\/\/esinpa2021.sbpbrasil.org\/index.php\/wp-json\/wp\/v2\/pages\/1545\/revisions"}],"predecessor-version":[{"id":1672,"href":"https:\/\/esinpa2021.sbpbrasil.org\/index.php\/wp-json\/wp\/v2\/pages\/1545\/revisions\/1672"}],"wp:attachment":[{"href":"https:\/\/esinpa2021.sbpbrasil.org\/index.php\/wp-json\/wp\/v2\/media?parent=1545"}],"curies":[{"name":"wp","href":"https:\/\/api.w.org\/{rel}","templated":true}]}}